{"id":9,"date":"2021-04-02T12:44:41","date_gmt":"2021-04-02T15:44:41","guid":{"rendered":"http:\/\/localhost\/wordpress\/teluro\/"},"modified":"2024-06-22T14:29:25","modified_gmt":"2024-06-22T19:29:25","slug":"teluro","status":"publish","type":"page","link":"https:\/\/sinairadio.org\/index.php\/teluro\/","title":{"rendered":"Nuestra Misi\u00f3n y Visi\u00f3n"},"content":{"rendered":"\n<p><\/p>\n\n\n\n<h3 class=\"wp-block-heading has-black-color has-cyan-bluish-gray-background-color has-text-color has-background has-link-color wp-elements-4762080df895bf47d882c08bd8497749\"><strong><em>Misi\u00f3n<\/em>:\u00a0 Anunciar o comunicarles a nuestro oyentes y televidentes, a trav\u00e9s de diferentes programas dirigidos a adultos, j\u00f3venes y ni\u00f1os de diferentes condiciones sociales, cultural o econ\u00f3mico que !hay esperanza en Cristo Jes\u00fas !<\/strong><\/h3>\n\n\n\n<h3 class=\"wp-block-heading has-black-color has-cyan-bluish-gray-background-color has-text-color has-background has-link-color wp-elements-40537c1ed0c4a9204f0c3c503b33305f\"><strong>&nbsp;Y no nos cansaremos de proclamar a tiempo y fuera de tiempo, que Dios los ama, sin importar la condici\u00f3n en que se encuentran.<\/strong><\/h3>\n\n\n\n<h3 class=\"wp-block-heading has-black-color has-cyan-bluish-gray-background-color has-text-color has-background has-link-color wp-elements-19d81e2da9612843db870be79d7f9668\"><strong><em>1 Juan 1:9<\/em>\u00a0 \u00a0 \u00a0 \u00a0 \u00a0 \u00a0 \u00a0<em>Hay perd\u00f3n de pecados. \u201csi confesamos nuestros pecados , \u00e9l es fiel y justo para perdonar\u00a0 nuestros pecados y limpiarnos de toda maldad.<\/em><\/strong><\/h3>\n\n\n\n<h3 class=\"wp-block-heading has-black-color has-cyan-bluish-gray-background-color has-text-color has-background has-link-color wp-elements-7acd7dd90608107aa09a7f586ddd5545\"><strong><em>Oseas 14:4<\/em>\u00a0 \u00a0 \u00a0 \u00a0 \u00a0 \u00a0 \u00a0<em>que dios los ama! \u201d yo sanar\u00e9 su rebeli\u00f3n, los amar\u00e9 de pura gracias; por que mi ira se apart\u00f3 de ello.<\/em><\/strong><\/h3>\n\n\n\n<h3 class=\"wp-block-heading has-black-color has-cyan-bluish-gray-background-color has-text-color has-background has-link-color wp-elements-55d3a66faf44bdc6382d02251586fede\"><strong><em>San Juan 3:16<\/em>\u00a0 \u00a0 \u00a0 \u00a0\u00a0<em>Porque de tal\u00a0 manera am\u00f3 Dios al mundo, que a dado a su hijo unig\u00e9nito, para que todo aquel que en \u00e9l cree, no se pierda, mas tenga vida eterna.\u00a0<\/em><\/strong><\/h3>\n\n\n\n<h3 class=\"wp-block-heading has-black-color has-text-color has-background has-link-color wp-elements-246d8e2a82e59259a3237b4ce2477411\" style=\"background-color:#dce1e1\"><strong><em>Visi\u00f3n<\/em> :\u00a0\u00a0\u00a0 Llegar con el mensaje de salvaci\u00f3n, sanidad y liberaci\u00f3n a cada persona de toda edad, en todo lugar a lo que largo de las tres regiones de nuestro Per\u00fa y todo el mundo, por que el gran deseo y prop\u00f3sito del se\u00f1or Jesucristo es que todo ser humano llegue\u00a0 a poblar el cielo por quienes\u00a0 or\u00f3.<\/strong><\/h3>\n\n\n\n<h3 class=\"wp-block-heading has-black-color has-text-color has-background has-link-color wp-elements-978c3c72baf32ed079dc7e1ed431e8b1\" style=\"background-color:#dce1e1\"><strong><em>San Juan 17: 20\u00a0<\/em> \u00a0 \u00a0 \u00a0 \u00a0 \u00a0<em>Mas no ruego solamente por estos (Sus Disc\u00edpulos) sino tambi\u00e9n por los que han de creer en m\u00ed\u00a0por la palabra de ellos .<\/em><\/strong><\/h3>\n\n\n\n<h3 class=\"wp-block-heading has-black-color has-text-color has-background has-link-color wp-elements-7598e9cd4d13274822c025f69f3c14f8\" style=\"background-color:#dce1e1\"><strong><em>\u00a0San Marcos 16:15<\/em>\u00a0 \u00a0 \u00a0<em>Y antes de ascender al cielo dejo este mandato.\u201d\u2026.Id por todo el mundo y predicad el evangelio a toda criatura .<\/em><\/strong><\/h3>\n\n\n\n<h3 class=\"wp-block-heading has-black-color has-text-color has-background has-link-color wp-elements-d22574caa6c8b70cee93a8681fead80b\" style=\"background-color:#dce1e1\"><strong><em>Hechos 1:8<\/em>\u00a0\u00a0 \u00a0 \u00a0 \u00a0 \u00a0 \u00a0 \u00a0 \u00a0 \u00a0<em>pero recibir\u00e9is poder , cuando hay venido sobre vosotros el esp\u00edritu santo, y me ser\u00e9is testigos en Jerusal\u00e9n, en toda Judea, en samaria y hasta los ultimo de la tierra.\u00a0<\/em><\/strong><\/h3>\n","protected":false},"excerpt":{"rendered":"<p>Misi\u00f3n:\u00a0 Anunciar o comunicarles a nuestro oyentes y televidentes,&hellip;<\/p>\n","protected":false},"author":2,"featured_media":0,"parent":0,"menu_order":0,"comment_status":"closed","ping_status":"closed","template":"page-templates\/homepage.php","meta":{"footnotes":""},"class_list":["post-9","page","type-page","status-publish","hentry"],"_links":{"self":[{"href":"https:\/\/sinairadio.org\/index.php\/wp-json\/wp\/v2\/pages\/9","targetHints":{"allow":["GET"]}}],"collection":[{"href":"https:\/\/sinairadio.org\/index.php\/wp-json\/wp\/v2\/pages"}],"about":[{"href":"https:\/\/sinairadio.org\/index.php\/wp-json\/wp\/v2\/types\/page"}],"author":[{"embeddable":true,"href":"https:\/\/sinairadio.org\/index.php\/wp-json\/wp\/v2\/users\/2"}],"replies":[{"embeddable":true,"href":"https:\/\/sinairadio.org\/index.php\/wp-json\/wp\/v2\/comments?post=9"}],"version-history":[{"count":5,"href":"https:\/\/sinairadio.org\/index.php\/wp-json\/wp\/v2\/pages\/9\/revisions"}],"predecessor-version":[{"id":1739,"href":"https:\/\/sinairadio.org\/index.php\/wp-json\/wp\/v2\/pages\/9\/revisions\/1739"}],"wp:attachment":[{"href":"https:\/\/sinairadio.org\/index.php\/wp-json\/wp\/v2\/media?parent=9"}],"curies":[{"name":"wp","href":"https:\/\/api.w.org\/{rel}","templated":true}]}}

Nuestra Misión y Visión

<p></p>



<h3 class="wp-block-heading has-black-color has-cyan-bluish-gray-background-color has-text-color has-background has-link-color wp-elements-4762080df895bf47d882c08bd8497749"><strong><em>Misión</em>:  Anunciar o comunicarles a nuestro oyentes y televidentes, a través de diferentes programas dirigidos a adultos, jóvenes y niños de diferentes condiciones sociales, cultural o económico que !hay esperanza en Cristo Jesús !</strong></h3>



<h3 class="wp-block-heading has-black-color has-cyan-bluish-gray-background-color has-text-color has-background has-link-color wp-elements-40537c1ed0c4a9204f0c3c503b33305f"><strong>&nbsp;Y no nos cansaremos de proclamar a tiempo y fuera de tiempo, que Dios los ama, sin importar la condición en que se encuentran.</strong></h3>



<h3 class="wp-block-heading has-black-color has-cyan-bluish-gray-background-color has-text-color has-background has-link-color wp-elements-19d81e2da9612843db870be79d7f9668"><strong><em>1 Juan 1:9</em>             <em>Hay perdón de pecados. “si confesamos nuestros pecados , él es fiel y justo para perdonar  nuestros pecados y limpiarnos de toda maldad.</em></strong></h3>



<h3 class="wp-block-heading has-black-color has-cyan-bluish-gray-background-color has-text-color has-background has-link-color wp-elements-7acd7dd90608107aa09a7f586ddd5545"><strong><em>Oseas 14:4</em>             <em>que dios los ama! ” yo sanaré su rebelión, los amaré de pura gracias; por que mi ira se apartó de ello.</em></strong></h3>



<h3 class="wp-block-heading has-black-color has-cyan-bluish-gray-background-color has-text-color has-background has-link-color wp-elements-55d3a66faf44bdc6382d02251586fede"><strong><em>San Juan 3:16</em>        <em>Porque de tal  manera amó Dios al mundo, que a dado a su hijo unigénito, para que todo aquel que en él cree, no se pierda, mas tenga vida eterna. </em></strong></h3>



<h3 class="wp-block-heading has-black-color has-text-color has-background has-link-color wp-elements-246d8e2a82e59259a3237b4ce2477411" style="background-color:#dce1e1"><strong><em>Visión</em> :    Llegar con el mensaje de salvación, sanidad y liberación a cada persona de toda edad, en todo lugar a lo que largo de las tres regiones de nuestro Perú y todo el mundo, por que el gran deseo y propósito del señor Jesucristo es que todo ser humano llegue  a poblar el cielo por quienes  oró.</strong></h3>



<h3 class="wp-block-heading has-black-color has-text-color has-background has-link-color wp-elements-978c3c72baf32ed079dc7e1ed431e8b1" style="background-color:#dce1e1"><strong><em>San Juan 17: 20 </em>          <em>Mas no ruego solamente por estos (Sus Discípulos) sino también por los que han de creer en mí por la palabra de ellos .</em></strong></h3>



<h3 class="wp-block-heading has-black-color has-text-color has-background has-link-color wp-elements-7598e9cd4d13274822c025f69f3c14f8" style="background-color:#dce1e1"><strong><em> San Marcos 16:15</em>     <em>Y antes de ascender al cielo dejo este mandato.”….Id por todo el mundo y predicad el evangelio a toda criatura .</em></strong></h3>



<h3 class="wp-block-heading has-black-color has-text-color has-background has-link-color wp-elements-d22574caa6c8b70cee93a8681fead80b" style="background-color:#dce1e1"><strong><em>Hechos 1:8</em>                  <em>pero recibiréis poder , cuando hay venido sobre vosotros el espíritu santo, y me seréis testigos en Jerusalén, en toda Judea, en samaria y hasta los ultimo de la tierra. </em></strong></h3>

<p>Misión:  Anunciar o comunicarles a nuestro oyentes y televidentes,&hellip;</p>
