{"id":1213,"date":"2021-04-02T11:38:55","date_gmt":"2021-04-02T14:38:55","guid":{"rendered":"http:\/\/localhost\/wordpress\/?page_id=3"},"modified":"2024-06-22T14:32:07","modified_gmt":"2024-06-22T19:32:07","slug":"proyectos","status":"publish","type":"page","link":"https:\/\/sinairadio.org\/index.php\/proyectos\/","title":{"rendered":"Ofrendar"},"content":{"rendered":"\n<ul class=\"has-black-color has-cyan-bluish-gray-background-color has-text-color has-background has-link-color wp-block-list wp-elements-5607bc233044f4828a76940ebb7bc1c4\">\n<li><em><strong>Si ten\u00e9s alguna duda o quer\u00e9s hacer alguna pregunta pod\u00e9s escribir a\u00a0<a href=\"https:\/\/reydereyes.com.ar\/dar\/contabilidad@reydereyes.com.ar\" target=\"_blank\" rel=\"noreferrer noopener\">sinai.radio.tv21@gmail.com<\/a><\/strong><\/em><\/li>\n<\/ul>\n\n\n\n<h1 class=\"wp-block-heading has-text-align-center has-black-color has-text-color has-link-color wp-elements-b2ca66087a33e09ec7d7035ff09fd9a4\">               <em>Gracias.<\/em><\/h1>\n\n\n\n<div class=\"wp-block-columns is-layout-flex wp-container-core-columns-is-layout-9d6595d7 wp-block-columns-is-layout-flex\">\n<div class=\"wp-block-column is-layout-flow wp-block-column-is-layout-flow\">\n<p class=\"has-text-align-center has-black-color has-text-color has-link-color wp-elements-87c043be8c5617e7c0ed52f1c0c95aac\"><strong><em>Transferencia<\/em><\/strong><\/p>\n\n\n\n<p class=\"has-black-color has-text-color has-link-color wp-elements-f5c1278bbe6c3c1545e3c2c934c3f794\"><strong>Pueden realizar una transferencia o dep\u00f3sito a nuestra cuenta.<\/strong><\/p>\n\n\n\n<p class=\"has-black-color has-text-color has-link-color wp-elements-6650fe1ea83db1470d5191b0ef3ff5ee\"><strong>para m\u00e1s informaci\u00f3n envi\u00e9 un correo<\/strong><\/p>\n<\/div>\n\n\n\n<div class=\"wp-block-column is-layout-flow wp-block-column-is-layout-flow\">\n<figure class=\"wp-block-image size-full is-resized\"><img fetchpriority=\"high\" decoding=\"async\" width=\"596\" height=\"660\" src=\"https:\/\/sinairadio.org\/wp-content\/uploads\/2024\/06\/yape.png\" alt=\"\" class=\"wp-image-1732\" style=\"width:261px;height:auto\" srcset=\"https:\/\/sinairadio.org\/wp-content\/uploads\/2024\/06\/yape.png 596w, https:\/\/sinairadio.org\/wp-content\/uploads\/2024\/06\/yape-271x300.png 271w\" sizes=\"(max-width: 596px) 100vw, 596px\" \/><\/figure>\n<\/div>\n\n\n\n<div class=\"wp-block-column is-layout-flow wp-block-column-is-layout-flow\"><\/div>\n<\/div>\n","protected":false},"excerpt":{"rendered":"<p>Gracias. Transferencia Pueden realizar una transferencia o dep\u00f3sito a&hellip;<\/p>\n","protected":false},"author":2,"featured_media":0,"parent":0,"menu_order":0,"comment_status":"closed","ping_status":"closed","template":"","meta":{"footnotes":""},"class_list":["post-1213","page","type-page","status-publish","hentry"],"_links":{"self":[{"href":"https:\/\/sinairadio.org\/index.php\/wp-json\/wp\/v2\/pages\/1213","targetHints":{"allow":["GET"]}}],"collection":[{"href":"https:\/\/sinairadio.org\/index.php\/wp-json\/wp\/v2\/pages"}],"about":[{"href":"https:\/\/sinairadio.org\/index.php\/wp-json\/wp\/v2\/types\/page"}],"author":[{"embeddable":true,"href":"https:\/\/sinairadio.org\/index.php\/wp-json\/wp\/v2\/users\/2"}],"replies":[{"embeddable":true,"href":"https:\/\/sinairadio.org\/index.php\/wp-json\/wp\/v2\/comments?post=1213"}],"version-history":[{"count":4,"href":"https:\/\/sinairadio.org\/index.php\/wp-json\/wp\/v2\/pages\/1213\/revisions"}],"predecessor-version":[{"id":1741,"href":"https:\/\/sinairadio.org\/index.php\/wp-json\/wp\/v2\/pages\/1213\/revisions\/1741"}],"wp:attachment":[{"href":"https:\/\/sinairadio.org\/index.php\/wp-json\/wp\/v2\/media?parent=1213"}],"curies":[{"name":"wp","href":"https:\/\/api.w.org\/{rel}","templated":true}]}}